{"version":"1.0","type":"rich","width":"560px","height":"140px","title":"Filmfestival der Menschenrechte N\u00fcrnberg  - Gr\u00fcndungsmitglied und Verbandsvorstand - N\u00fcrnberg \u00fcbernimmt gleich zu Beginn den Vorsitz des Verbands Bayerischer Filmfestivals.","url":"https:\/\/www.heikesstadtgefluester.de\/filmfestival-der-menschenrechte-nuernbergnuernberg-gruendungsmitglied-und-verbandsvorstand\/","author_name":"Heikes Stadtgefl\u00fcster - Geschichten aus N\u00fcrnberg, Franken und der Welt","author_url":"https:\/\/www.heikesstadtgefluester.de","thumbnail_url":"https:\/\/www.heikesstadtgefluester.de\/wp-content\/uploads\/2017\/10\/Logo-HSG.jpg","html":"<iframe width=\"560px\" height=\"140px\" src=\"https:\/\/www.heikesstadtgefluester.de\/filmfestival-der-menschenrechte-nuernbergnuernberg-gruendungsmitglied-und-verbandsvorstand\/?standalonePlayer\"><\/iframe>"}

Filmfestival der Menschenrechte Nürnberg  - Gründungsmitglied und Verbandsvorstand - Nürnberg übernimmt gleich zu Beginn den Vorsitz des Verbands Bayerischer Filmfestivals.

Heikes Stadtgeflüster - Geschichten aus Nürnberg, Franken und der Welt
